 0 + 1/6*y**3 - 3*y + 9/2*y**2. Calculate g(-4).
5
Suppose 5*i = 2*i - 2*y + 14, 8 = -4*i + 4*y. Let q(c) = -c**i + 7*c**2 + c**3 + 2*c + 5 + 5*c. Give q(-5).
-5
Let g(r) = 3*r - 4*r + 9*r + 4 + r**2. What is g(-7)?
-3
Let g(k) = -k**2 - 5*k + 4. Let c = -2 + 5. Suppose m - 2*m + 6 = -3*b, c*b = -6. Suppose m = 5*f + 3*y - 0*y + 22, y - 16 = 3*f. Calculate g(f).
4
Let p(h) = -6*h. Let n = 26 - 22. Let c(d) = -23*d + 7. Let x(k) = 11*k - 3. Let a(j) = -4*c(j) - 9*x(j). Let f(l) = n*a(l) - 5*p(l). Calculate f(4).
4
Let m(u) be the third derivative of -u**5/60 - 7*u**4/24 + 4*u**3/3 - 32*u**2. Determine m(-8).
0
Let q(u) = -u**2 + 3*u + 6. Suppose 0 = -3*n + 5*n. Suppose -5*v + 10 + 0 = n. Suppose -v*h = -1 - 9. Determine q(h).
-4
Let d = 0 - 0. Let v(j) be the third derivative of 0 + 5*j**2 - 1/24*j**4 + 0*j + j**3. Determine v(d).
6
Let f = 1 + 8. Let h(a) = -a**3 + 8*a**2 + 8*a + 7. Calculate h(f).
-2
Let k(a) = -3*a + 1. Let h(i) be the first derivative of -i**2/2 + 4. Let o be h(-5). What is k(o)?
-14
Let c(n) be the second derivative of n**3/6 - n**2 + 38*n. Determine c(4).
2
Suppose -6 = -3*n, 16 = z + 5*n + 1. Suppose 12 = z*i - 8. Let u(s) = -s**3 + 4*s**2 - s + 1. Calculate u(i).
-3
Let g(m) = m**2 - 5*m - 10. Let y(w) = -2*w + 21. Let n be y(0). Let c = n - 14. Calculate g(c).
4
Let l = -2 + -1. Let m(x) = -x**3 - 3*x**2 - 2*x - 2. Give m(l).
4
Suppose -2*r = -t + 6, r - 3*t + 3 = -0*r. Let s(i) = -3*i - 1. Give s(r).
8
Let o(b) = b**2 + 7*b + 6. Let r be o(-6). Suppose 0 = -t - r*t + 1. Let v(d) = -d + 2. Calculate v(t).
1
Suppose 0*d + 5*d = 10. Let j be ((-2)/(-4))/(d/8). Let f be 3/(-1 + j + -2). Let t(p) = -p**2 - p - 1. Calculate t(f).
-7
Suppose 5*l = -2*v + 45, 3*v = 3*l + 25 + 11. Let o = -17 + v. Let b(j) = 4*j + 2. What is b(o)?
-6
Let g(y) be the third derivative of -y**6/720 + 11*y**5/120 - y**4/12 + y**2. Let c(u) be the second derivative of g(u). Determine c(5).
6
Let g(j) = -10*j**3 - 14*j**2 - 22*j - 1. Let s(v) = -3*v**3 - 5*v**2 - 7*v. Let l(p) = 2*g(p) - 7*s(p). Give l(-6).
4
Let x(b) = -b**2 - 13*b - 13. Let h be ((-11)/(-2))/(-5 + 9/2). Calculate x(h).
9
Let f(r) = 2*r - 9. Let t(m) = -2*m - 1. Let z be t(1). Let c be (-90)/(-20)*(-4)/z. Give f(c).
3
Suppose -8 = 6*o - 4*o. Let w(i) = -4*i - 5. Let v(b) = b**2 + b - 9. Let t be v(0). Let x(h) = 17*h + 20. Let u(c) = t*w(c) - 2*x(c). Give u(o).
-3
Let b(n) = n**3 + n**2 - n - 1. Let k(w) = 7*w**3 + w**2 - 5*w - 12. Let z = -2 + -1. Let f be -2 + z/(-5 + 2). Let m(x) = f*k(x) + 6*b(x). Calculate m(5).
1
Suppose -11 = -4*y - 3. Let i(u) = 5*u - 2. Let k(n) = 4*n - 1. Let v(h) = -2*i(h) + 3*k(h). Determine v(y).
5
Let y(v) be the second derivative of -v**8/6720 + v**7/1260 + v**6/720 + v**5/40 - v**4/3 - 4*v. Let c(i) be the third derivative of y(i). Give c(3).
-3
Let p be (-256)/44 + 4/(-22). Let d(w) be the second derivative of w**4/12 + 2*w**3/3 - 3*w**2 - 2*w. Give d(p).
6
Let k(i) = i - 1. Let x = -8 - -11. Let f(a) = -x + a + 4*a - 3*a. Let n(s) = -2*f(s) + 5*k(s). Give n(3).
4
Let i(v) = -v + 2. Suppose 0 = 4*j - 0*j + 36. Let d = j - -9. Give i(d).
2
Suppose -f = 4*f - 25. Let d be (-7)/(-21)*(1 + f). Let o(s) = 4 - 5 - 1 + d*s. What is o(4)?
6
Let k(a) = 5*a**3 + 2*a**2 + 2*a + 7. Let w be 2/7 - 99/(-21). Let q(b) = 6*b**3 + b**2 + 2*b + 7. Let d(n) = w*k(n) - 4*q(n). Determine d(-6).
-5
Let k(d) = d**3 - 6*d**2 - d + 3. Let c be k(6). Let o be (2/5)/(c/(-30)). Let u(j) = -2*j + 2. Determine u(o).
-6
Let o(n) = 5*n**2 - 7. Let h(b) = 4*b**2 + b - 7. Let y(r) = -6*h(r) + 5*o(r). Give y(5).
2
Let w = 1 - -1. Suppose 0*a - 2*h + 9 = 5*a, -5*a + h + 18 = 0. Let c(t) = -4 + 1 + t**a + 0 - w*t**2 - 2*t. Calculate c(3).
0
Let c = -23 - -23. Let v(l) = l + 3. Give v(c).
3
Let v(f) = 6 - 4*f + 4*f + f. Let h be v(-6). Let w(g) = -g**2 - g. Let d(o) = -o**2 - 3*o - 7. Let t(m) = d(m) - 2*w(m). What is t(h)?
-7
Let m be 4/(-6) + (-34)/(-6). Let n(g) = -8*g**2 - 5 + 2 + 2*g**2 - g**3 - m*g. Give n(-5).
-3
Let o(b) = -b**2 + 4*b + 3. Suppose 3*j = 6*j - 6. Suppose -4*c + j*r = -r + 1, -2*c = -3*r - 7. Let h be -1 + 1 - (c - 0). Give o(h).
3
Let a(b) = b - 1. Let l be (6/(-4))/((-3)/6). Suppose 3 = l*n - 15. Calculate a(n).
5
Let a(c) be the third derivative of c**6/120 + c**5/10 - c**4/12 - 5*c**3/6 + 12*c**2. What is a(-6)?
7
Suppose -5*j = 3*a - 6, 3*j + 2 = -a + 4. Let r(o) = 2*o - 1. Determine r(a).
3
Suppose 4 = -8*j + 12*j. Let w(f) = 7*f**2 + 1. Determine w(j).
8
Suppose 3*s = s. Let w(r) = s*r**2 - 3*r - 2 - 2*r**2 + 4 + 3*r**2. Determine w(3).
2
Let j be ((-4)/(-6))/((-4)/36). Let h = j - -8. Suppose t + 2 = -h. Let o(y) = y**3 + 4*y**2 + 2*y + 4. What is o(t)?
-4
Let u be 2/6 - (-8)/3. Let d be u/(-1) - 0/(-2). Let h(v) = 2*v**2 + 9*v + 2. Let r(f) = f**2 + 4*f + 1. Let c(j) = d*h(j) + 5*r(j). Determine c(-5).
9
Let f(s) = -4*s - 2*s + 8 + 6*s + 3*s. Give f(-6).
-10
Let p(t) = -t**2 + t + 1. Let d(c) = c**3 - 11*c**2 + 11*c + 4. Let k(r) = -d(r) + 5*p(r). Determine k(5).
-4
Let b(g) = 3 - 3 + g**2. Let d be b(-1). Let f(k) = d - 5*k - 3 + 6*k. Give f(-2).
-4
Let q be (-6)/24*-8 - -2. Let x(o) = -o**2 + 4*o. Determine x(q).
0
Suppose 1 = 2*z - 5*r + 3, 2*z = 2*r + 10. Suppose -4*v + i + z = 0, -4*v + 2*v = i + 3. Let x(o) = 6*o**2. Determine x(v).
6
Let n(z) = 2*z**2 + 2*z. Let k be 1/(2/(-1*4)). Give n(k).
4
Suppose 1 = 3*z - 2. Let i(b) be the second derivative of -b + 5/6*b**4 + 0 + 0*b**2 + 0*b**3. What is i(z)?
10
Let f(s) = s - 8. Let c be f(9). Let a(x) = -6*x**2 + x. Let q be a(c). Let z(i) = 3*i**2 - 4*i**2 - 3*i - 5 - 3*i. Calculate z(q).
0
Let k = -19 + 22. Let d(u) = u**3 - 3*u**2 + 2*u - 4. Determine d(k).
2
Let t(q) = q**3 - 4*q**2 + 2*q - 1. Let z be ((-2)/(-3))/((-2)/(-39)). Let d = 16 - z. Determine t(d).
-4
Let o(x) = -3*x + 5. Let v(f) = -2*f + 3. Let s = 10 + -4. Suppose -4*r = -2*r - s. Let w(g) = r*o(g) - 5*v(g). Calculate w(1).
1
Let q(w) be the first derivative of -w**4/4 - 4*w**3/3 + 3*w**2 + 7*w + 7. Calculate q(-5).
2
Let r(y) = y**3 + 2*y**2 - 1. Let s be (32 - -1)/(2/2). Let i be 2/4 + s/(-22). Calculate r(i).
0
Let c(j) be the first derivative of -j**3/3 - j**2 - j - 7. Suppose -2*x - 8 = -0. Give c(x).
-9
Suppose 3*t - v + 3 = 0, -5*t + 6 = -5*v + 1. Let n be 1*(1 + (t - -2)). Let k(c) = -c**3 + 2*c**2 - 2 + 2. Determine k(n).
1
Let n(g) be the third derivative of -g**6/15 + g**4/24 - g**3/6 + g**2. Determine n(1).
-8
Let c be ((-6)/2)/((-54)/90). Let o(s) = s**3 - 3*s**2 - 7*s - 1. What is o(c)?
14
Let o(h) = -h**3 + h**2 + h + 3. Let u(z) = z**3 - 12*z**2 + 11*z + 2. Let r be u(11). Suppose 5*i - r*x = -0*i - 4, 0 = i - 3*x + 6. Give o(i).
3
Let u be (0 + 3)/(6/(-8)). Let t be (-11)/4 + 1/u. Let j(k) = -15*k + 17. Let r(z) = 7*z - 8. Let y(o) = 6*j(o) + 13*r(o). What is y(t)?
-5
Let d(m) = 5*m**2 + 31*m - 6. Let x = 4 - -7. Let j(v) = -1 + 7*v + v + 4*v**2 - 3*v**2 - 2*v. Let l(b) = x*j(b) - 2*d(b). Give l(-3).
-2
Let k(d) = -d**2 + d - 1. Suppose 40 = c + 3*c. Suppose -c = 5*a - 3*t, -2*t = t - 15. Suppose -a = 5*r - 11. What is k(r)?
-3
Let j(c) = 3*c - 16. Let y(i) = i - 8. Let a = 17 + -19. Let o(v) = a*j(v) + 5*y(v). Let w be 8/(-6)*(-18)/(-4). Calculate o(w).
-2
Let w = 3 + -6. Let x(g) = -5*g**3 + 6*g**2 + 6*g + 1. Let a(p) = -2*p**3 + 3*p**2 + 3*p + 1. Let d(u) = 7*a(u) - 3*x(u). Give d(w).
-5
Let q(o) = -o. Let k(l) = -l. Let z(n) = -7*k(n) + 5*q(n). Suppose 0 = 2*c - 2*r - 10, -r = -3*c - 6*r - 1. Determine z(c).
6
Let i(j) be the third derivative of -j**5/60 - j**4/3 - 5*j**3/6 + j**2. Determine i(-6).
7
Suppose 3*m = -0*m - 24. Let z be (m/(-24))/(1/3). Let r(g) = -4*g**3 - 2*g**2 + g. What is r(z)?
-5
Let x(u) = -3*u - 6. Let a(t) = 3*t + 3. Let j be a(-3). Calculate x(j).
12
Let n(k) = 3*k**2 + 8*k + 2. Let l(f) = 5*f**2 + 15*f + 3. Let a = -21 + 14. Let s(g) = a*n(g) + 4*l(g). Let t be 4/1*(-3)/(-3). Give s(t).
-2
Let y(o) = o**3 - 8*o**2 + o - 5. Let f be (-60)/9*12/(-10). Let s be y(f). Let n(r) = 2*r - 1. Calculate n(s).
5
Let v(k) = k**3 + 6*k**2 + k + 7. Suppose 15 = 5*h + 5*p, -5*h - p + 0 = -23. Let u(a) = -2*a + 4. Let o be u(h). What is v(o)?
1
Let m(k) = -k - 5. Suppose 4*u = 3 - 15. Give m(u).
-2
Let l = -28 - -29. Let g(s) = s**3 - 2*s**2 + s. Determine g(l).
0
Let k(b) = -4 + 1 + 6*b - 8*b. Let p =